 in base 11?
474
Convert 4144 (base 7) to base 3.
1222211
-3313 (base 7) to base 14
-60a
-245241 (base 7) to base 15
-d540
-216 (base 8) to base 9
-167
Convert 53146 (base 7) to base 9.
18884
Convert -3ae1 (base 16) to base 4.
-3223201
Convert -2010002010 (base 3) to base 8.
-121212
30321 (base 4) to base 13
4b6
Convert -1051 (base 9) to base 5.
-11100
Convert -415314 (base 6) to base 13.
-123a6
-43155 (base 6) to base 15
-1b38
Convert -26644 (base 10) to base 14.
-99d2
Convert -32571 (base 8) to base 14.
-4dbb
Convert 225 (base 8) to base 16.
95
Convert -10272 (base 13) to base 16.
-7140
-37b (base 15) to base 13
-48b
Convert 1030301 (base 4) to base 16.
1331
11625 (base 7) to base 15
d8c
What is -1120 (base 6) in base 16?
-108
-6405 (base 7) to base 14
-b75
Convert 1160 (base 8) to base 2.
1001110000
Convert 211100 (base 3) to base 9.
740
364 (base 7) to base 8
301
What is -33441 (base 5) in base 13?
-1105
What is -111100111100011 (base 2) in base 10?
-31203
Convert -110011011010 (base 2) to base 9.
-4455
Convert 14 (base 6) to base 4.
22
16374 (base 8) to base 6
54204
What is 17a1 (base 14) in base 10?
4257
-4386 (base 14) to base 11
-8860
What is -343 (base 8) in base 5?
-1402
What is -22210313 (base 4) in base 5?
-2341234
-8b4 (base 16) to base 11
-1746
210211 (base 3) to base 10
589
Convert -21212 (base 5) to base 13.
-862
-9373 (base 16) to base 9
-56701
Convert 103131 (base 5) to base 11.
272a
What is 15010 (base 6) in base 2?
100101001110
11001110100011 (base 2) to base 16
33a3
2cd7 (base 15) to base 11
7285
Convert 12473 (base 9) to base 3.
102112110
Convert 55103 (base 8) to base 6.
254551
What is 10111110010 (base 2) in base 6?
11014
-11444 (base 5) to base 9
-1171
Convert 11221101 (base 3) to base 2.
111000010001
Convert 1388 (base 13) to base 2.
101100000000
Convert 143344 (base 7) to base 5.
1340434
Convert -9a7 (base 11) to base 10.
-1206
What is -1011001001100110 (base 2) in base 5?
-2430140
-1001111022 (base 3) to base 15
-624b
Convert -1bd (base 14) to base 9.
-443
Convert 20154 (base 6) to base 5.
41122
-4761 (base 13) to base 6
-114310
-325d (base 15) to base 2
-10100110100111
What is -12502 (base 8) in base 4?
-1111002
13222311 (base 4) to base 7
160404
What is -1210212 (base 3) in base 2?
-10100100111
What is 3666 (base 10) in base 15?
1146
-185 (base 11) to base 15
-e4
What is 202 (base 15) in base 9?
552
What is -1602 (base 10) in base 4?
-121002
Convert -20303232 (base 4) to base 12.
-18a66
Convert 37864 (base 9) to base 8.
61624
What is -3301 (base 5) in base 10?
-451
Convert -1067 (base 9) to base 2.
-1100010110
-1011 (base 5) to base 6
-335
Convert -3051 (base 11) to base 2.
-111111010001
What is 1145 (base 10) in base 3?
1120102
-146c (base 16) to base 10
-5228
Convert -200020122 (base 3) to base 8.
-31765
Convert 446252 (base 7) to base 9.
130355
-1234 (base 13) to base 4
-220102
Convert -5361 (base 9) to base 2.
-111101100111
What is -34c (base 16) in base 8?
-1514
30623 (base 8) to base 11
9598
What is -112104 (base 5) in base 16?
-fbd
What is 104012 (base 6) in base 10?
8648
10012210 (base 3) to base 8
4447
Convert 332210 (base 4) to base 9.
5438
395 (base 10) to base 9
478
27522 (base 8) to base 13
568b
What is 153446 (base 7) in base 4?
13111313
Convert -269 (base 10) to base 11.
-225
What is 10110111010001 (base 2) in base 7?
46124
Convert 2022102002 (base 3) to base 14.
1281b
Convert -144 (base 5) to base 12.
-41
What is -11432 (base 7) in base 2?
-101110010011
-2136 (base 7) to base 10
-762
-25941 (base 11) to base 16
-90cf
Convert 43543 (base 7) to base 16.
2a9d
Convert -5735 (base 9) to base 10.
-4244
-102000212 (base 3) to base 6
-101122
-b1 (base 13) to base 2
-10010000
Convert -30a (base 15) to base 10.
-685
Convert 362 (base 12) to base 2.
111111010
Convert 21012021 (base 3) to base 12.
3051
What is 367 (base 15) in base 8?
1404
Convert 7406 (base 10) to base 3.
101011022
3112 (base 10) to base 7
12034
Convert 3273 (base 9) to base 7.
10020
What is 3502 (base 7) in base 14?
672
What is 50618 (base 10) in base 15?
eee8
What is -1111 (base 6) in base 5?
-2014
51b3 (base 12) to base 5
241134
12238 (base 12) to base 15
73ee
-32241 (base 6) to base 16
-1141
Convert -49b4 (base 14) to base 3.
-122200201
Convert 444 (base 8) to base 2.
100100100
-65051 (base 7) to base 14
-5c61
Convert -3542 (base 6) to base 14.
-450
Convert 2432 (base 5) to base 4.
11233
Convert 1b2 (base 14) to base 11.
2a0
What is -1b2 (base 15) in base 7?
-1100
Convert -125 (base 10) to base 14.
-8d
Convert 5491 (base 12) to base 5.
244300
Convert -1697b (base 12) to base 7.
-163511
Convert -503 (base 9) to base 12.
-2a0
Convert 11101001 (base 2) to base 6.
1025
Convert 105273 (base 8) to base 7.
205354
What is 7ea (base 15) in base 3?
2110111
1018 (base 13) to base 16
8aa
-11001010 (base 2) to base 14
-106
What is 4857 (base 11) in base 5?
200404
Convert 202130 (base 5) to base 7.
25032
Convert 450010 (base 6) to base 15.
b210
1301320 (base 4) to base 7
30151
What is 300 (base 4) in base 5?
143
What is 3313342 (base 5) in base 12?
2922b
Convert 60371 (base 10) to base 12.
2ab2b
Convert 3431 (base 5) to base 4.
13223
-61a8 (base 12) to base 10
-10640
-5996 (base 11) to base 13
-375a
Convert 11011200020 (base 3) to base 5.
10112030
Convert 101021 (base 4) to base 10.
1097
Convert -2941 (base 14) to base 2.
-1110010001101
What is 2622 (base 7) in base 9?
1326
What is 31a (base 14) in base 11?
507
Convert -9f (base 16) to base 10.
-159
What is -817c (base 14) in base 16?
-56f2
Convert -439a (base 16) to base 2.
-100001110011010
603 (base 9) to base 16
1e9
What is -34242 (base 11) in base 10?
-49535
Convert -101301 (base 5) to base 12.
-1b12
c6b (base 13) to base 9
2812
-7c (base 16) to base 10
-124
What is 10200331 (base 4) in base 7?
104626
Convert -1113 (base 5) to base 14.
-b4
Convert -2ca (base 13) to base 12.
-360
Convert -10000220 (base 3) to base 15.
-9c6
-12256 (base 9) to base 11
-6204
Convert -1065b (base 14) to base 5.
-2232143
What is 122010 (base 3) in base 4?
13032
What is 1467 (base 10) in base 13?
88b
Convert -5172 (base 15) to base 12.
-9b5b
Convert -132 (base 10) to base 6.
-340
332110 (base 4) to base 12
2384
What is -33311 (base 4) in base 11?
-841
-1411 (base 9) to base 2
-10000100111
What is 22102101 (base 3) in base 10?
6139
Convert -541 (base 7) to base 3.
-101011
Convert 14336 (base 7) to base 2.
111101101011
1051 (base 8) to base 14
2b7
554 (base 7) to base 10
284
Convert -3000 (base 4) to base 12.
-140
What is -6bd (base 16) in base 7?
-5013
Convert 1000011 (base 3) to base 5.
10413
Convert 46014 (base 7) to base 16.
2d99
What is -976a (base 11) in base 4?
-3021212
What is 10104 (base 11) in base 4?
3212232
What is 10122 (base 3) in base 5?
343
Convert 551 (base 13) to base 11.
759
Convert 101261 (base 8) to base 16.
82b1
What is -733 (base 11) in base 12?
-617
Convert 47714 (base 8) to base 3.
1001000121
-1010100100101 (base 2) to base 9
-7374
Convert -439 (base 12) to base 5.
-4441
Convert -362 (base 9) to base 7.
-605
-468 (base 13) to base 4
-23322
Convert -125 (base 13) to base 6.
-532
141 (base 16) to base 3
102220
What is -23431 (base 5) in base 4?
-123031
-1721 (base 11) to base 12
-1335
Convert 1054 (base 10) to base 9.
1401
2111211 (base 3) to base 12
1087
What is -727 (base 12) in base 7?
-3013
-20202111 (base 3) to base 12
-2a27
What is -2510 (base 8) in base 7?
-3641
527 (base 14) to base 5
13030
Convert -401000 (base 5) to base 14.
-485b
5350 (base 7) to base 13
b2c
181 (base 13) to base 11
22a
Convert -25a (base 13) to base 16.
-19d
-22011 (base 4) to base 5
-10040
What is -6736 (base 8) in base 14?
-1418
What is b5b (base 13) in base 15?
890
Convert 33504 (base 7) to base 10.
8481
Convert -1366a (base 13) to base 12.
-18b92
Convert -6730 (base 15) to base 11.
-15482
Convert -3121 (base 8) to base 2.
-11001010001
1022001121 (base 3) to base 10
25558
Convert -1403 (base 5) to base 4.
-3210
Convert -2316 (base 9) to base 10.
-1716
What is -994 (base 10) in base 7?
-2620
What is 11 (base 11) in base 14?
c
117a (base 13) to base 10
2467
16631 (base 7) to base 4
1022213
-541 (base 9) to base 15
-1e7
-13010 (base 4) to base 15
-202
What is 3659 (base 11) in base 16?
12af
-30 (base 15) to base 11
-4